
8
Let l = -105643 + 165052. What is the hundreds digit of l?
4
Let a = 110195 + -70389. What is the hundreds digit of a/195 + 2/(-15)?
2
What is the thousands digit of (1295096256/(-240))/(-59) + 6/(-10)?
1
Suppose 52 = 4*f - 268. Let a = -3 - -6. Suppose -2*m - a*m = -f. What is the tens digit of m?
1
Let g = 35 + -35. Let d = g - 2. Let t(n) = -57*n + 3. What is the units digit of t(d)?
7
Let l = 52059 - 37377. What is the ten thousands digit of l?
1
Let m be 5/((-6)/((-60)/25)) + 0. Suppose -m*b = 2*b + 4*g - 284, 3*b - 4*g = 192. What is the tens digit of b?
6
Let i(w) = -25*w - 194. Let j(f) = 27*f + 195. Let g(d) = -5*i(d) - 6*j(d). What is the tens digit of g(-22)?
1
Let v(q) = 2*q**2 + 38*q - 31. Let n(b) = 3*b**2 + 75*b - 64. Let x(j) = 3*n(j) - 5*v(j). Let w be x(33). Suppose w + 6 = 5*l. What is the units digit of l?
7
Let s(h) = 20*h + 164. Suppose -322 - 1325 = -61*z. What is the hundreds digit of s(z)?
7
Let q be (-5 + 3)*(4 + -6)*3. Suppose 2*c = q*c - 4770. What is the hundreds digit of c?
4
Let i be (-32912)/(-198) - 2/9. Let q = i + -299. What is the hundreds digit of 1 - 5 - (q + -2)?
1
Suppose -10*y = -5*y - 50630. Suppose 5*a = -4*t + y, -4*a + 20525 = 5*t + 7863. What is the tens digit of ((-1)/((-2)/(-1)))/((-7)/t)?
8
What is the tens digit of 20 + -8 + -15 + 0 + 1167?
6
Suppose -1250*o + 1257*o - 44527 = 0. What is the tens digit of o?
6
Let b(j) = 187*j + 22. Let f be b(4). Let r = f - 533. What is the units digit of r?
7
Suppose 0 = 5*t + 18 + 17. Let d(z) = -z**3 - 6 + 14*z + 295*z**2 - 300*z**2 - 6*z. What is the tens digit of d(t)?
3
Suppose 4*u = -4*d - d + 83508, -16706 = -d - 3*u. What is the ten thousands digit of d?
1
Let z(h) = h**2 + 17*h - 40. Let l be z(10). Suppose -2*f = -706 - l. What is the tens digit of f?
6
Let b(z) = 20*z**2 + 4*z - 99 + z**3 - 4*z + 3*z. What is the tens digit of b(-19)?
0
Let l = -4261 + 9232. What is the thousands digit of l?
4
Let p(f) = 2*f**2 + 11*f - 18. Let u be p(-7). Suppose z - 2*z + 1417 = 3*c, u*c + 3*z - 1419 = 0. What is the hundreds digit of c?
4
Let n(u) = -u**3 - 31*u**2 - 85*u - 27. Let i be n(-28). What is the tens digit of (-29)/(1*(0 + -1)*i)?
2
Let f(q) = q**3 - 13*q**2 + 18*q - 24. Let k(n) = -n**2 - 10*n - 12. Let m be k(-6). Let v be f(m). Let d = v - 19. What is the tens digit of d?
2
Let l = 118279 - 68449. What is the tens digit of l?
3
Suppose 4 = 5*l + 4*s - 94, -3*s - 30 = -2*l. Suppose k = 11 - l. Let x(q) = 2*q**2 - 7*q + 10. What is the hundreds digit of x(k)?
1
Let y(j) = 3*j**2 - 4*j + 5. Let v be y(-4). Suppose v = t - 34. Suppose -3*m - 25 = -t. What is the units digit of m?
6
Suppose 10 = 5*g, 5*l - 4*g = 184 + 258. Suppose 7*j - j - l = 0. What is the units digit of (-430)/(-4)*12/j?
6
Suppose 189*z = 194*z + 15. Let b be (4*(-6)/(-20))/(z/45). What is the units digit of (-3 - b)*(1 - (-46)/6)?
0
Let o(a) = 5*a - 13. Let u be o(4). Suppose 0 = u*y - y - 12. Suppose 0*f - 336 = -3*f - 3*l, -230 = -y*f - 5*l. What is the units digit of f?
0
Let y be -10*(3/(-2) - -1). Let g = -8 - y. Let w = 68 - g. What is the tens digit of w?
8
What is the tens digit of 27110/7 + (-84)/98?
7
Suppose 289 = 7*s - 229. Suppose -238 = -3*m + p, -p - s - 6 = -m. Let q = 145 - m. What is the tens digit of q?
6
Suppose -10 = -5*q + 75. Suppose y - 4*r = -2*r + 6, 3*r - q = -5*y. Suppose 374 = 2*t + 5*p, 2*p + 380 = 2*t + y*p. What is the tens digit of t?
9
Let p(v) = -26 - 6*v + 51 + 15*v**2 - 20. What is the tens digit of p(3)?
2
Let o(d) = -d**2 - 11*d + 3. Let s be o(-11). Suppose -3 = -j + 2*f, -4*f + 3*f - 26 = s*j. What is the units digit of 146*((-21)/6)/j?
3
Suppose 4*b + 188 = -44. Let s = 135 - b. What is the hundreds digit of s?
1
Let p(h) be the second derivative of -h**5/20 - 5*h**4/6 - 4*h**3/3 - 26*h**2 + 28*h. What is the units digit of p(-10)?
8
Let r(o) = 22*o + 8. Let s be r(10). Let k = s - 826. What is the tens digit of k/(-12) + 0 + (-1)/(-6)?
5
Let s(u) = 3924*u**3 - 36*u**2 + 79*u - 5. What is the tens digit of s(2)?
0
Let b(z) = -6*z - 61*z**2 + 8 + 8*z + 460*z**2. Let i be b(4). What is the tens digit of (2/(-3))/(i/1068 + -6)?
8
What is the units digit of ((-57884)/8 + 55/22)*(-12)/9?
4
Let z(o) = -12*o**3 + 5*o**2 + 6*o + 1. Let g be z(-3). Let x = -57 + g. What is the hundreds digit of x?
2
Suppose 3*u = -d + 2, -4*d - 3*u = -2 - 6. Suppose 5*t = 2*f + 5, 2*t = -d*f - 5 + 21. Suppose 4*s - 4 = 4, -f*o - 3*s = -661. What is the hundreds digit of o?
1
Let z be ((-16)/12)/(4/6) - 3. Let s(r) = r**2 + 7*r. Let p be s(z). What is the hundreds digit of (-17)/17*5/(p/392)?
1
Suppose -7126 = -9*b - 358. What is the hundreds digit of (b + 2 + 4)/1?
7
Let h(w) = 6*w**2 + 3*w + 5. Let d = -19 + 15. Let b(i) = i**3 + 3*i**2 - 3*i. Let s be b(d). What is the tens digit of h(s)?
8
Let z(l) = 16*l**2 + 56*l - 287. What is the thousands digit of z(18)?
5
Let v = -120 - -123. Suppose -v*b + 18*b - 1275 = 0. What is the units digit of b?
5
Let j(l) = -4 - 714*l - 3 + 3 + 274*l. Let t be j(-2). Suppose -8*g + 4*g + t = 0. What is the tens digit of g?
1
Let j = 7134 + 1761. What is the units digit of j?
5
Suppose -2*k - 459 = 3*s - 5*k, -5*s + 4*k - 766 = 0. Let a = s - -294. What is the units digit of a?
0
Suppose -25*x = -28*x + 201. Suppose -i - 4*l = -l - x, -5*i + 2*l + 352 = 0. Suppose 5*j = y - 114, 5*j = 2*y - i - 133. What is the tens digit of y?
8
Suppose 0 = 18*x - 19*x. Suppose -2*v + 6 = 0, x*m = m + 5*v - 19. Suppose w + m = 5*w. What is the units digit of w?
1
Suppose 8 + 16 = 4*v. Let o(f) = 2 - 9*f - 19 - v. What is the tens digit of o(-6)?
3
Suppose 71*a - 68*a = -5*n + 17500, -3*n + 2*a = -10500. What is the thousands digit of n?
3
Let h = -300 + 300. Suppose -88*l + 86*l + 620 = h. What is the units digit of l?
0
Suppose -4*i - 9 = 3*x, 11 = 4*i - 9*i - 4*x. What is the hundreds digit of 10/(-40) + (i - 4100/(-16))?
2
Let z = 9092 - 5143. What is the units digit of z?
9
Let k(n) = 8*n - 4. Let p be -4*15/20*-1 + -2. What is the units digit of k(p)?
4
Let u(t) = 1715*t**2 + 129*t + 671. What is the units digit of u(-5)?
1
Suppose 3*t + 5*t + 280 = 0. Let x = -27 - t. Suppose -2*g = x, -2 = 3*y + 3*g - 35. What is the units digit of y?
5
Let l(s) = -2*s - 12. Let r be l(11). Let o be (4 + 2)/(4/r). Let u = o + 57. What is the units digit of u?
6
Suppose -15 = 4*m + 5*g, 3*m = 6*g - 7*g - 3. Suppose 4 = -4*a, -c + m*c + 721 = -a. What is the tens digit of c?
2
Suppose 6*p - 11*p + 215 = 0. Let t(m) = -5*m + 30*m - 34 - p + 76. What is the tens digit of t(6)?
4
What is the tens digit of 2 + (128 + -131)/(6/(-170000))?
0
Let n(m) = 56*m**2 + 34*m + 337. What is the tens digit of n(-12)?
9
Let o(n) = n**2 + 6*n + 4. Let d be o(0). Suppose -r + 26 = r - d*j, -4*j - 52 = -4*r. What is the units digit of r?
3
Let m = -19390 - -41485. What is the thousands digit of m?
2
Let a = 272 - 258. Suppose -3950 = 4*m - a*m. What is the tens digit of m?
9
Let i = -227 - -224. What is the hundreds digit of (-661)/i*(-3 - -6)?
6
Let y(t) = 23*t**2 - 9. Let o be 770/(-63) - (-4)/18. Let a(k) = k**2 + 14*k + 27. Let w be a(o). What is the tens digit of y(w)?
9
Let p = -122 + 128. What is the hundreds digit of -195*(-7)/14*p?
5
Let c(j) = -3*j**2 - 9*j + 50. Let r(m) = -2*m**2 - 5*m + 26. Let k(g) = 3*c(g) - 5*r(g). Let z = -1 + 5. What is the units digit of k(z)?
8
Let t = -2 + 6. Suppose t - 5 = -h. Suppose 0*p = p - h. What is the units digit of p?
1
Let k(f) = -f**2 + 19*f - 38. Let c be k(16). Suppose 0 = a - 7 + 2. Suppose a*s + 1130 = c*s - 3*x, 0 = 5*x - 25. What is the units digit of s?
9
Let i be ((-36)/15 + 2)/((-2)/130). Let d = i - 22. Suppose 0 = -l - 4*r - 1 + 94, -d*l = -4*r - 372. What is the units digit of l?
3
Let h(c) = 277*c**2 - 199*c - 974. What is the tens digit of h(-5)?
4
Suppose -70 = m - 352. Let w be ((-12)/6 + (-282)/4)/(5/10). Let x = m + w. What is the tens digit of x?
3
Let i(d) be the second derivative of 4*d - 1/6*d**4 - 1/2*d**3 - 2*d**2 + 0 + 1/20*d**5. What is the tens digit of i(4)?
1
Let x(d) = 11*d + 28. Let u be x(8). Let w = -113 + 113. Suppose 0*k = c + 4*k - 32, w = -2*c + 5*k + u. What is the tens digit of c?
4
Let l = -35 + -42. Let v = -74 - l. What is the units digit of 3 - (-1 - (231 - v)/2)?
8
Let z = -42 